ase 15) in base 7?
-551
Convert 331203 (base 4) to base 6.
30123
What is -7515 (base 8) in base 9?
-5332
1993 (base 16) to base 15
1e17
What is -250c (base 14) in base 6?
-50000
What is -2080 (base 11) in base 6?
-20422
Convert 1111211 (base 3) to base 13.
66a
-192d (base 15) to base 3
-21110121
What is -53242 (base 7) in base 11?
-9986
Convert -10113 (base 5) to base 2.
-1010010010
Convert 350 (base 16) to base 6.
3532
40856 (base 10) to base 13
1579a
What is -12a (base 11) in base 3?
-12200
What is -35442 (base 8) in base 14?
-5734
Convert -7c2 (base 13) to base 15.
-5e6
Convert -225321 (base 6) to base 16.
-4b91
1110000000111 (base 2) to base 9
10752
Convert -24000 (base 7) to base 3.
-22110200
Convert -163206 (base 7) to base 6.
-405430
-2aa (base 12) to base 9
-514
Convert -100b (base 12) to base 16.
-6cb
What is -1597 (base 12) in base 8?
-5003
-3115 (base 6) to base 2
-1010110111
33004 (base 5) to base 12
137a
What is 221b (base 14) in base 3?
22002201
-423 (base 10) to base 5
-3143
65416 (base 7) to base 12
954a
-107 (base 10) to base 13
-83
What is 15fb (base 16) in base 3?
21201102
Convert 4a99 (base 15) to base 16.
3e16
What is 76 (base 9) in base 3?
2120
36542 (base 8) to base 12
9116
26656 (base 7) to base 3
100212111
1001111100010 (base 2) to base 15
1795
Convert -10293 (base 10) to base 8.
-24065
What is -100111010 (base 2) in base 5?
-2224
-127 (base 15) to base 10
-262
1d2 (base 16) to base 10
466
Convert -3660 (base 8) to base 11.
-152a
What is 113 (base 11) in base 7?
252
What is 2233110 (base 5) in base 3?
2000120100
Convert -146 (base 14) to base 2.
-100000010
What is -fae (base 16) in base 6?
-30330
Convert -353 (base 6) to base 16.
-8d
Convert 1112121 (base 3) to base 10.
1123
-ab2c (base 14) to base 11
-202a2
What is -121211 (base 4) in base 8?
-3145
What is 13112 (base 8) in base 9?
7740
-524 (base 8) to base 9
-417
What is -2b7 (base 15) in base 10?
-622
142013 (base 5) to base 14
2203
2440 (base 6) to base 7
1515
-2a9 (base 12) to base 5
-3132
Convert -220541 (base 6) to base 9.
-27147
7050 (base 8) to base 10
3624
What is 11200 (base 3) in base 7?
240
What is -2303201 (base 4) in base 12?
-6795
Convert c94 (base 15) to base 8.
5427
-5253 (base 11) to base 14
-276b
What is -4da (base 16) in base 9?
-1630
What is 4ba (base 14) in base 6?
4220
Convert 211122 (base 3) to base 5.
4421
2656 (base 10) to base 9
3571
Convert -32653 (base 7) to base 16.
-201d
Convert 62c (base 13) to base 14.
552
Convert 322 (base 8) to base 6.
550
Convert 422 (base 10) to base 7.
1142
What is -10002012122 (base 3) in base 15?
-12e8e
Convert 1011001001 (base 2) to base 9.
872
What is -422 (base 9) in base 10?
-344
What is 141 (base 12) in base 10?
193
-1011000000 (base 2) to base 3
-222002
What is 457a (base 11) in base 6?
43504
Convert 3710 (base 9) to base 16.
acb
What is b38 (base 13) in base 3?
2121121
Convert 512 (base 14) to base 11.
826
What is -100101010001 (base 2) in base 15?
-a90
What is 1410 (base 9) in base 16?
426
Convert -1764 (base 11) to base 6.
-14224
132334 (base 5) to base 2
1010011100000
-2223031 (base 4) to base 11
-8261
What is 1a546 (base 11) in base 5?
1403411
What is 5856 (base 10) in base 9?
8026
Convert 1403 (base 6) to base 16.
16b
What is -a001 (base 11) in base 9?
-20230
578 (base 10) to base 4
21002
What is 1415 (base 7) in base 15?
26b
Convert -51a (base 12) to base 5.
-10432
Convert -1db7 (base 16) to base 2.
-1110110110111
2111121 (base 3) to base 15
81a
What is -286 (base 9) in base 10?
-240
What is -1a22 (base 14) in base 16?
-127e
3c (base 15) to base 3
2010
760 (base 8) to base 2
111110000
Convert 43105 (base 6) to base 2.
1011011110001
Convert 2205 (base 8) to base 16.
485
What is 7db (base 15) in base 10?
1781
516a (base 14) to base 9
21186
Convert 61005 (base 8) to base 9.
37371
Convert -5004 (base 6) to base 3.
-1111011
Convert 31122010 (base 4) to base 7.
316051
998 (base 10) to base 15
468
Convert -11202202 (base 3) to base 12.
-2018
Convert -451 (base 11) to base 6.
-2300
Convert -111100 (base 2) to base 7.
-114
What is -a614 (base 13) in base 2?
-101100111011001
-151e (base 15) to base 4
-1012301
718 (base 9) to base 13
35c
Convert 74d (base 16) to base 12.
10b9
Convert 540210 (base 6) to base 9.
66486
What is -563 (base 8) in base 15?
-19b
Convert 5543 (base 10) to base 2.
1010110100111
45d (base 15) to base 9
1317
Convert 785 (base 9) to base 4.
22010
Convert 40236 (base 7) to base 13.
4575
What is -34302 (base 7) in base 2?
-10001000010100
Convert -3415 (base 10) to base 11.
-2625
What is -1626 (base 12) in base 10?
-2622
-334 (base 9) to base 4
-10102
11683 (base 12) to base 9
35120
4243 (base 8) to base 6
14123
What is -1019 (base 15) in base 9?
-4586
-270 (base 15) to base 13
-339
What is -538 (base 13) in base 2?
-1101111100
4aa (base 11) to base 9
741
Convert 378 (base 11) to base 8.
700
b0c (base 13) to base 2
11101001111
What is -8321 (base 9) in base 4?
-1133032
2210220 (base 3) to base 10
2049
Convert 3287 (base 13) to base 10.
7040
11001 (base 4) to base 12
229
Convert -12212 (base 4) to base 16.
-1a6
What is b97 (base 15) in base 7?
10426
-331404 (base 5) to base 15
-3604
-10003232 (base 4) to base 16
-40ee
What is 235a6 (base 13) in base 4?
33302312
280 (base 12) to base 5
3014
What is 77 (base 8) in base 12?
53
Convert 55c7 (base 15) to base 4.
10130023
2360 (base 9) to base 12
1023
Convert 169aa (base 14) to base 6.
1114534
What is -10001100111 (base 2) in base 5?
-14002
Convert -3646 (base 7) to base 8.
-2515
What is 1ce4 (base 16) in base 5?
214041
206 (base 16) to base 5
4033
1ad (base 14) to base 9
427
Convert 12b (base 16) to base 11.
252
302 (base 13) to base 7
1325
Convert -1839 (base 10) to base 12.
-1093
Convert 151d1 (base 14) to base 11.
36501
What is -cd7d (base 15) in base 5?
-2343133
-93d3 (base 15) to base 6
-400400
5128 (base 11) to base 9
10302
What is -30a (base 12) in base 15?
-1e7
103a1 (base 11) to base 16
3b0b
Convert 2213 (base 7) to base 2.
1100011010
Convert 20a33 (base 14) to base 9.
130126
What is -5304 (base 7) in base 2?
-11101001010
What is 325 (base 9) in base 11?
222
What is -6411 (base 10) in base 5?
-201121
What is b114 (base 12) in base 3?
222021221
-3063 (base 12) to base 16
-148b
Convert 7360 (base 9) to base 13.
25c5
Convert -120111 (base 4) to base 7.
-4353
Convert -796 (base 13) to base 10.
-1306
What is 11001000110111 (base 2) in base 3?
122122010
What is -1001000000101 (base 2) in base 16?
-1205
What is 14926 (base 13) in base 15?
b7d7
-3300013 (base 4) to base 13
-6cc1
4685 (base 12) to base 16
1ec5
Convert 1111111000011 (base 2) to base 8.
17703
-1130 (base 16) to base 8
-10460
650 (base 15) to base 6
10333
-c7 (base 16) to base 6
-531
Convert 370 (base 8) to base 12.
188
What is 1212 (base 11) in base 9?
2152
-1120020021 (base 3) to base 14
-b311
-20021220 (base 3) to base 5
-121322
What is 2c8 (base 13) in base 5?
4002
-32030 (base 4) to base 3
-1020122
What is -791 (base 11) in base 13?
-57b
-83 (base 13) to base 10
-107
What is 6842 (base 10) in base 8?
15272
What is 222114 (base 5) in base 7?
31460
Convert 854 (base 10) to base 14.
450
What is -10000010 (base 2) in base 12?
-aa
What is -36514 (base 7) in base 8?
-22455
111001010011 (base 2) to base 7
13456
4c84 (base 16) to base 13
8bba
Convert 2534 (base 7) to base 13.
587
Convert -10223021 (base 4) to base 14.
-6d97
Convert 68611 (base 10) to base 15.
154e1
Convert -90 (base 12) to base 9.
-130
Convert -313 (base 9) to base 13.
-168
-6384 (base 12) to base 9
-15851
What is -1b0f (base 16) in base 10?
-6927
-71a (base 16) to base 8
-3432
What is -218 (base 10) in base 11?
-189
-cf5a (base 16) to base 8
-147532
-95d (base 14) to base 5
-24342
What is -11131200 (base 4) in base 2?
-101011101100000
59c2 (base 14) to base 3
210110210
-206 (base 11) to base 12
-188
What is 140501 (base 6) in base 13?
5c9b
-335d (base 15) to base 3
-112221021
Convert -296 (base 13) to base 4.
-13031
-34122 (base 6) to base 2
-1001011000010
-13213 (base 4) to base 11
-403
-4487 (base 13) to base 8
-22547
-100010001 (base 2) to base 11
-229
Convert -1321 (base 7) to base 9.
-621
Convert 3b (base 14) to base 9.
58
What is -202210 (base 4) in base 12?
-1344
1232523 (base 6) to base 2
10000010010100011